7).
-5
Let b(n) = -n**2 - 4*n - 4. Let g be b(-4). Let i(x) = -187*x + 2. Let o(j) = 468*j - 3. Let s(y) = 5*i(y) + 2*o(y). Give s(g).
0
Let r(b) = b**2 + b. Let l(t) = 9*t - 3. Let f(d) = -l(d) - r(d). Let u be f(-10). Let w(c) = -2*c - 7*c**2 - 2*c**3 + 1 + u*c**3 + 7 + 6*c. Determine w(6).
-4
Let j be (-3129)/84 - 2/(-8). Let r = 38 + j. Let h(b) = r - 1 + 2 + 2*b. Determine h(2).
6
Let j(w) = 1067 - 2*w - 3201 + 1086 + 1083. Determine j(-11).
57
Let s(z) be the third derivative of -z**5/60 + 5*z**4/12 - 20*z**3/3 - z**2 - 2281. Give s(7).
-19
Let n be 4/1 + 7 + 9. Let l(z) = -3*z - 22. Let w(m) = 5*m + 21. Let p(q) = -3*l(q) - 2*w(q). Determine p(n).
4
Let n(t) be the second derivative of 18*t**2 + 13/30*t**5 + 34*t + 0 - 1/12*t**4 - 1/6*t**3. Let q(o) be the first derivative of n(o). Determine q(-1).
27
Let h(z) be the third derivative of -z**5/30 - z**4/6 - z**3/6 + 2*z**2. Suppose -7*j + 4*j = c - 24, -51 = 5*c - 4*j. Give h(c).
-7
Let y(q) = q**2 - 9*q + 6. Suppose 14*v + 1 - 169 = 0. Suppose v = 2*k - 3*t, -2*k - 4*t = -14 + 2. Calculate y(k).
-12
Let o(j) = 7*j**3 - 694*j**2 + 97*j + 191. Let a be o(99). Let v(f) = f**3 + 10*f**2 + 9*f + 14. Calculate v(a).
98
Let w be (-237)/(-474)*(0 - 16). Let c(n) = 59*n + 469. Determine c(w).
-3
Let q(i) = 9*i**2 + i - 30. Let p be q(8). Let o(j) = j + 557*j**2 - p*j**2 - 3*j**3 - 3 + 2*j**3. Calculate o(3).
0
Let k(y) be the third derivative of -1/120*y**6 + 1/60*y**5 + 13 + y**2 - 1/24*y**4 - 1/2*y**3 + 0*y. Give k(3).
-24
Let t(j) = 2*j**3 - 11*j**2 - 2*j - 15. Let u(d) be the first derivative of d**4/4 - 5*d**3/3 - d**2/2 - 7*d - 35. Let s(i) = 6*t(i) - 13*u(i). Give s(-1).
0
Suppose -10536*u + 10527*u + 36 = 0. Let f(b) = -2*b**3 + 4*b**2 + 4*b + 4. Determine f(u).
-44
Let i be 3/(-9)*((-1)/1 - 77). Suppose -2*a = -i + 34. Let j(w) be the first derivative of w**3/3 + 4*w**2 + 6*w + 2. What is j(a)?
-10
Let n(u) = -u**3 - 5*u**2 + 7*u + 8. Let i be n(-6). Let m(w) = w**2 - i - 41*w + 43*w + 0 - 1. Suppose -3*j + 1 = 2*r, -4*r - j = -8 + 1. What is m(r)?
5
Suppose 24 = 4*l + 4*t, -2*l + 6*l = 2*t. Let a(y) = -2*y + 1200*y**2 + 3 - 600*y**2 - 5 - 602*y**2 + 5. Give a(l).
-9
Let p(h) = -10*h + 3*h**2 + 9*h - 14 - 2*h**2. Suppose 2*g - 2*d + 8 = 0, 5*g - 4*d - 19 + 35 = 0. What is p(g)?
-14
Let w(q) = -q**3 - 9*q**2 - 8*q - 2. Suppose 0*m - 4*m - 32 = 4*b, 3*b - 5*m = 8. What is w(b)?
-50
Let j(l) = 11*l**3 + l + 2. Suppose -84*b + 75*b - 9 = 0. Determine j(b).
-10
Let m = -82 - -99. Suppose m*j - 15 = 14*j. Suppose -2*r = r + 5*t - 39, 4*r - j*t = 17. Let g(b) = -2*b + 9. Determine g(r).
-7
Let n(b) = -3*b**2 - 3*b - 7. Let u be n(5). Let j = -91 - u. Let a(l) = 1 - 9 + 3*l**2 - 4*l - 2*l**2. Give a(j).
4
Let t(q) = -q**2 - 2*q - 1. Suppose -6 = -3*w, 0 = 5*b + 2*w - 0*w + 106. Let p = b + 26. Suppose p*i - 3*f + 12 = 0, 3*f - 2 = 2*i + 4. Give t(i).
-4
Let a(s) = -28*s + 25. Let z(n) = -3*n + 3. Let l(g) = -2*a(g) + 18*z(g). Give l(-5).
-6
Let m(v) = 42770*v - 21374*v + 15 - v**2 - 21372*v. Determine m(0).
15
Let p(m) = -3*m**3 + 22*m**2 - 10*m + 26. Let z be p(7). Let c(v) = -4*v - 7. Let n(t) = -8*t - 15. Let l(q) = 5*c(q) - 2*n(q). Determine l(z).
-25
Let g = 19 - 18. Suppose 9 = 2*c + g. Suppose 3 = 7*z - c*z. Let n(j) = -18*j - 1. Determine n(z).
-19
Let v(m) be the third derivative of -7*m**6/120 - m**5/10 - m**4/12 + m**3/6 + m**2 - 16*m. Let p be v(-1). Let i(k) = k**2 - 2*k - 4. Determine i(p).
4
Let u(w) = -w - 4. Let p(d) be the first derivative of -d**3/3 - 5*d**2/2 - 2*d - 13. Let q be p(-4). Let z be (6/4)/(1/q). What is u(z)?
-7
Let i(g) = g**3 + 5*g**2 + 2*g - 2. Suppose 69*k = 68*k - 10. Let w be k + (-38)/(-4) + 14/(-4). Calculate i(w).
6
Let t(q) = -2679*q - 3 + 2 + 4 + 2681*q - 5. Determine t(3).
4
Let d = -372 + -84. Let s = d + 459. Let m(n) = -2*n**2 - n - 3. Determine m(s).
-24
Let g(n) = 2*n - 22. Let l be 2/((-84)/(-140)*5/(-6)*-1). Determine g(l).
-14
Let a(f) be the third derivative of -f**6/10 + f**5/60 + f**4/24 - f**3/6 + 759*f**2. What is a(1)?
-11
Let z(g) = 18*g - 25. Let w(b) = -11*b + 12. Let c(l) = -7*w(l) - 4*z(l). What is c(-7)?
-19
Suppose 4*q + 14 = 5*j, 3*q - 5*j = -283 + 265. Let i(z) = -z**3 + 4*z + 7. What is i(q)?
-41
Suppose 2*f + 13 + 9 = -5*s, 0 = -4*s - 5*f - 4. Let q(g) = 2*g + 12. Let z be q(s). Let m(l) = -l + 0 + l**3 + 4 - 8 - 3*l**2 + z*l. Give m(3).
-7
Let z(s) be the second derivative of s**5/20 - 17*s**4/12 + s**3/2 - 41*s**2/2 + 6312*s. Calculate z(17).
10
Let h(b) be the second derivative of b**4/4 + b**3/3 - 2*b**2 + 5*b - 59. Let g = 8 + -11. Calculate h(g).
17
Suppose 0 = -2*g - 3*r + 17, -3*g - 5*r + 33 = 5. Let z(o) = 13*o - 3. What is z(g)?
10
Let w(p) = 36 + 5*p - 113 + 51. Give w(7).
9
Suppose -41 = -3*x - 32. Let p be 2*(x + 0) - 8. Let i(j) = 3*j**3 + j**2 - 2*j + 1. Calculate i(p).
-15
Let f(i) = -i**3 + 14*i**2 - 35*i**2 + 9*i**2 + 1 + 10*i**2 + i. Let p be 10 - (-3 - -2)/(-1). Let j = -12 + p. Calculate f(j).
7
Let j(c) = 36*c - 3. Suppose -7*v + 4*g = 17, 5*v + 3*g - 23 = -0*v. Determine j(v).
33
Suppose 4*d = 2*d + 2. Let b(p) = -12*p**2 + 6*p - 1. Let x(c) = -48*c**2 + 26*c - 4. Let s(j) = 9*b(j) - 2*x(j). Determine s(d).
-11
Let u(b) = -b**3. Let n(o) = -o**3 + o. Let v(m) = -6*m**3 - 1. Let g(j) = 2*n(j) + v(j). Let w(a) = g(a) + 6*u(a). Determine w(1).
-13
Let f(x) be the first derivative of x**5/120 - x**4/3 + 28*x**3/3 - 33. Let s(j) be the third derivative of f(j). Determine s(5).
-3
Let x(z) = -6*z**2 - 18*z + 107. Let j(w) = -14*w**2 - 37*w + 257. Let a(g) = -2*j(g) + 5*x(g). Determine a(-10).
-19
Let q be ((-4)/(-5))/(0 - 6/(-105)). Let o be q/133 - 42/38. Let s(c) = 2*c + 5. Let v(t) = 1. Let n(p) = o*s(p) + 2*v(p). What is n(-2)?
1
Let a(c) = -c - 7. Let z(f) = 3*f + 21. Let t(g) = 17*a(g) + 6*z(g). Suppose -4*r - 182 + 50 = 0. Let d = r - -28. Give t(d).
2
Let k(t) be the second derivative of -t**5/60 + t**4/3 + 7*t**3/6 - 72*t. Let f(x) be the second derivative of k(x). Give f(10).
-12
Let m(a) = 5*a + 42163 - 84298 + 42164. Give m(-12).
-31
Let b(k) = -2134 - 2132 + 8*k**2 - k**3 + 4263 + 8*k. Give b(8).
61
Let z(m) = m - 8*m**3 + 0*m**3 + 12*m**2 - 13*m**2. Let i = 243 + -242. Calculate z(i).
-8
Suppose -123*m = -60*m - 71*m - 64. Let x(v) = 4*v**2 + 33*v + 4. Give x(m).
-4
Let b(g) = g**3 + 8*g**2 + 7*g - 7. Suppose 3*h - 156 + 12 = 0. Suppose -m - h = -42. Calculate b(m).
23
Let p(u) be the second derivative of -u**5/20 + u**4/3 + u**3/2 - 5*u**2 - 268*u - 3. What is p(4)?
2
Let f(q) = 2*q**2 + 12 + 1013*q**3 + 10*q**2 + 1006*q**3 - 2020*q**3 + 6 - 22*q. Calculate f(10).
-2
Let h(l) = -339*l**2 + 169*l**2 + 171*l**2 - 15*l + 55. Give h(9).
1
Let l be 4/((0 + 6)/(92 + -80)). Let c(x) = 3*x**2 - 18*x - 48. What is c(l)?
0
Let r(x) = -5*x**2 + 4*x + 6. Suppose -465*j = -458*j - 63. Let g(f) = f**2 - f - 1. Let k(o) = j*g(o) + 2*r(o). Give k(-2).
1
Suppose 3*k = -0*k + 9. Let u be (18/15)/(k/(-10)). Let b(m) = 0*m - 9*m + 16*m - 2*m. Give b(u).
-20
Let h be (-1)/3 + -1 + 695/15. Suppose y + 36 + 10 = 0. Let o = h + y. Let c(q) = -21*q + 1. Calculate c(o).
22
Let c(d) = -12*d**3 - 4*d**2 - 7*d + 27*d**3 - 2 - 14*d**3. Suppose 2 = 9*b - 43. Calculate c(b).
-12
Let o(r) = 2*r**3 + 5 + 18997*r + 19*r**2 + 18998*r - 38002*r. Calculate o(-10).
-25
Suppose 4*t - 20 = -t. Suppose 2*d + 4*r = t*d + 28, -3*r + 39 = -3*d. Let q(x) be the third derivative of -x**6/120 - x**5/5 + x**3/6 + 165*x**2. Give q(d).
1
Let h(z) = -10*z**3 + 5*z**2 + 3 - z**3 + 10*z**3 + 3*z. Let y(m) = 3*m**2 - 44*m - 367. Let s be y(-6). Give h(s).
18
Let d(b) = -b**3 - 4*b**2 + 3*b + 5. Suppose n + 2*q = -33, -q - 16 = -5*q. Let h be (-221)/5 - (-40)/(-50). Let w = h - n. Determine d(w).
-7
Suppose 101*t + 444 = 138*t. Let q(f) = -13*f + 155. Determine q(t).
-1
Suppose -s = -2*s. Suppose s = 10*u + 9 - 29. Let t(j) = -u*j + 6*j + 4*j - 5*j - 4. Determine t(4).
8
Let h(s) = 5*s + 1. Let r be h(-1). Let b = -612 - -911. Let g(l) = b + 300 + 3*l - 596. Determine g(r).
-9
Let t(g) = 743*g - 390*g - 365*g + 13 + 5*g**2. Determine t(6).
121
Let z(w) = -3 + 14*w - 1 + 3. Suppose 4*v = 11*v - 119. Suppose u - 14*t + v = -18*t, -3*u = -4*t - 13. What is z(u)?
-15
Suppose -7*t + 3 = -60. Let s(o) = -8*o - t*o + 40*o - 10*o - 3. Calculate s(2).
2